{"id":8,"date":"2015-01-20T19:38:41","date_gmt":"2015-01-20T19:38:41","guid":{"rendered":"http:\/\/slitcon.com\/slitting-consulting\/?page_id=8"},"modified":"2024-09-30T08:34:02","modified_gmt":"2024-09-30T08:34:02","slug":"dienstleistungen","status":"publish","type":"page","link":"https:\/\/slitcon.com\/slitting-consulting\/dienstleistungen\/","title":{"rendered":"Dienstleistungen"},"content":{"rendered":"\n<h4 class=\"wp-block-heading\"><span style=\"color: #333333;\">Wo auch immer Materialien geschnitten werden m\u00fcssen,<\/span><br><span style=\"color: #333333;\">unterst\u00fctzen wir Sie gerne.<\/span><\/h4>\n\n\n\n<div style=\"height:50px\" aria-hidden=\"true\" class=\"wp-block-spacer\"><\/div>\n\n\n\n<div class=\"wp-block-media-text is-stacked-on-mobile\"><figure class=\"wp-block-media-text__media\"><img loading=\"lazy\" decoding=\"async\" width=\"1024\" height=\"576\" src=\"https:\/\/slitcon.com\/slitting-consulting\/wp-content\/uploads\/2024\/09\/Slitcon-Schulungen-1024x576.jpg\" alt=\"\" class=\"wp-image-563 size-full\" srcset=\"https:\/\/slitcon.com\/slitting-consulting\/wp-content\/uploads\/2024\/09\/Slitcon-Schulungen-1024x576.jpg 1024w, https:\/\/slitcon.com\/slitting-consulting\/wp-content\/uploads\/2024\/09\/Slitcon-Schulungen-300x169.jpg 300w, https:\/\/slitcon.com\/slitting-consulting\/wp-content\/uploads\/2024\/09\/Slitcon-Schulungen-768x432.jpg 768w, https:\/\/slitcon.com\/slitting-consulting\/wp-content\/uploads\/2024\/09\/Slitcon-Schulungen.jpg 1366w\" sizes=\"auto, (max-width: 1024px) 100vw, 1024px\" \/><\/figure><div class=\"wp-block-media-text__content\">\n<p class=\"has-text-color has-link-color wp-elements-74a3654cba2bce94bcf6ba985189dc64\" style=\"color:#eebb38\"><span style=\"color: #333333;\">Mit <strong><a href=\"https:\/\/slitcon.com\/slitting-consulting\/dienstleistungen\/schulung-und-schneidseminar\/\" data-type=\"page\" data-id=\"24\">Schulungen <\/a><\/strong>f\u00fcr Ihr Personal, die speziell auf Ihre Produkte, sowie Ihre Schneid- und Wickelsysteme abgestimmt sind.<\/span><br><span style=\"color: #333333;\">Damit erhalten Sie ein Optimum an Qualit\u00e4t und Produktivit\u00e4t an Ihren Anlagen.<\/span><\/p>\n<\/div><\/div>\n\n\n\n<div class=\"wp-block-media-text has-media-on-the-right is-stacked-on-mobile\"><div class=\"wp-block-media-text__content\">\n<p class=\"has-text-color has-link-color wp-elements-2a8c374ab6e490cd927e493b9161cfec\" style=\"color:#eebb38\"><span style=\"color: #333333;\">Mit <\/span><strong><a href=\"https:\/\/slitcon.com\/slitting-consulting\/dienstleistungen\/prozessanalyse\/\" data-type=\"page\" data-id=\"27\">Prozessanalysen<\/a><\/strong><span style=\"color: #333333;\">, bei denen wir die wichtigsten Anlagenparameter aufnehmen und dann einen Ma\u00dfnahmenkatalog zur Verbesserung Ihrer Anlage erstellen.<\/span><\/p>\n<\/div><figure class=\"wp-block-media-text__media\"><img loading=\"lazy\" decoding=\"async\" width=\"1024\" height=\"576\" src=\"https:\/\/slitcon.com\/slitting-consulting\/wp-content\/uploads\/2024\/09\/Slitcon-Kaizen-Analysen-1024x576.jpg\" alt=\"\" class=\"wp-image-561 size-full\" srcset=\"https:\/\/slitcon.com\/slitting-consulting\/wp-content\/uploads\/2024\/09\/Slitcon-Kaizen-Analysen-1024x576.jpg 1024w, https:\/\/slitcon.com\/slitting-consulting\/wp-content\/uploads\/2024\/09\/Slitcon-Kaizen-Analysen-300x169.jpg 300w, https:\/\/slitcon.com\/slitting-consulting\/wp-content\/uploads\/2024\/09\/Slitcon-Kaizen-Analysen-768x432.jpg 768w, https:\/\/slitcon.com\/slitting-consulting\/wp-content\/uploads\/2024\/09\/Slitcon-Kaizen-Analysen.jpg 1366w\" sizes=\"auto, (max-width: 1024px) 100vw, 1024px\" \/><\/figure><\/div>\n\n\n\n<div class=\"wp-block-media-text is-stacked-on-mobile\"><figure class=\"wp-block-media-text__media\"><img loading=\"lazy\" decoding=\"async\" width=\"1024\" height=\"576\" src=\"https:\/\/slitcon.com\/slitting-consulting\/wp-content\/uploads\/2024\/09\/Slitcon-Projektbetreuung-Beratung_v2-1024x576.jpg\" alt=\"\" class=\"wp-image-620 size-full\" srcset=\"https:\/\/slitcon.com\/slitting-consulting\/wp-content\/uploads\/2024\/09\/Slitcon-Projektbetreuung-Beratung_v2-1024x576.jpg 1024w, https:\/\/slitcon.com\/slitting-consulting\/wp-content\/uploads\/2024\/09\/Slitcon-Projektbetreuung-Beratung_v2-300x169.jpg 300w, https:\/\/slitcon.com\/slitting-consulting\/wp-content\/uploads\/2024\/09\/Slitcon-Projektbetreuung-Beratung_v2-768x432.jpg 768w, https:\/\/slitcon.com\/slitting-consulting\/wp-content\/uploads\/2024\/09\/Slitcon-Projektbetreuung-Beratung_v2.jpg 1366w\" sizes=\"auto, (max-width: 1024px) 100vw, 1024px\" \/><\/figure><div class=\"wp-block-media-text__content\">\n<p class=\"has-text-color has-link-color wp-elements-328a46507b4ca64e2b4a59f29fc0bde5\" style=\"color:#eebb38\"><span style=\"color: #333333;\">Durch <span style=\"color: #ff9900;\"><strong><a href=\"https:\/\/slitcon.com\/slitting-consulting\/dienstleistungen\/beratung\/\" data-type=\"page\" data-id=\"30\">Projektbetreuung und Beratung<\/a><\/strong><\/span> des geeigneten Schneidverfahrens, sowie der passenden Schneidwerkzeuge f\u00fcr Ihre neue Anlagenplanung \/ Modernisierung.<\/span><\/p>\n<\/div><\/div>\n","protected":false},"excerpt":{"rendered":"<p>Wo auch immer Materialien geschnitten werden m\u00fcssen,unterst\u00fctzen wir Sie gerne. Mit Schulungen f\u00fcr Ihr Personal, die speziell auf Ihre Produkte, sowie Ihre Schneid- und Wickelsysteme abgestimmt sind.Damit erhalten Sie ein Optimum an Qualit\u00e4t und Produktivit\u00e4t an Ihren Anlagen. Mit Prozessanalysen, bei denen wir die wichtigsten Anlagenparameter aufnehmen und dann einen Ma\u00dfnahmenkatalog zur Verbesserung Ihrer Anlage erstellen. Durch Projektbetreuung und Beratung des geeigneten Schneidverfahrens, sowie der passenden Schneidwerkzeuge f\u00fcr Ihre neue Anlagenplanung \/ Modernisierung.<\/p>\n","protected":false},"author":1,"featured_media":0,"parent":0,"menu_order":0,"comment_status":"closed","ping_status":"closed","template":"","meta":{"footnotes":""},"class_list":["post-8","page","type-page","status-publish"],"_links":{"self":[{"href":"https:\/\/slitcon.com\/slitting-consulting\/wp-json\/wp\/v2\/pages\/8","targetHints":{"allow":["GET"]}}],"collection":[{"href":"https:\/\/slitcon.com\/slitting-consulting\/wp-json\/wp\/v2\/pages"}],"about":[{"href":"https:\/\/slitcon.com\/slitting-consulting\/wp-json\/wp\/v2\/types\/page"}],"author":[{"embeddable":true,"href":"https:\/\/slitcon.com\/slitting-consulting\/wp-json\/wp\/v2\/users\/1"}],"replies":[{"embeddable":true,"href":"https:\/\/slitcon.com\/slitting-consulting\/wp-json\/wp\/v2\/comments?post=8"}],"version-history":[{"count":46,"href":"https:\/\/slitcon.com\/slitting-consulting\/wp-json\/wp\/v2\/pages\/8\/revisions"}],"predecessor-version":[{"id":686,"href":"https:\/\/slitcon.com\/slitting-consulting\/wp-json\/wp\/v2\/pages\/8\/revisions\/686"}],"wp:attachment":[{"href":"https:\/\/slitcon.com\/slitting-consulting\/wp-json\/wp\/v2\/media?parent=8"}],"curies":[{"name":"wp","href":"https:\/\/api.w.org\/{rel}","templated":true}]}}